{"id":2013,"date":"2023-06-26T15:44:26","date_gmt":"2023-06-26T19:44:26","guid":{"rendered":"http:\/\/alt-perubolivia.org\/?page_id=2013"},"modified":"2023-06-26T15:45:58","modified_gmt":"2023-06-26T19:45:58","slug":"caracterizacion-general-e-hidrologica-de-aporte-al-lago-titicaca-peru","status":"publish","type":"page","link":"https:\/\/alt-perubolivia.org\/?page_id=2013","title":{"rendered":"Caracterizaci\u00f3n General e Hidrol\u00f3gica de aporte al Lago Titicaca (Per\u00fa)"},"content":{"rendered":"<p style=\"text-align: justify;\">El Gobierno Regional de Puno ha promovido la conformaci\u00f3n del Grupo T\u00e9cnico Impulsor para la Creaci\u00f3n del Consejo de Recursos H\u00eddricos de la Cuenca del Titicaca (Grupo Impulsor), reconocido mediante Resoluci\u00f3n Ejecutiva Regional N\u00b0 301-2014-PR-GR PUNO y su modificatoria con Resoluci\u00f3n Ejecutiva Regional N\u00b0 668-2014-PR-GR PUNO.<\/p>\n<p style=\"text-align: justify;\">El presente documento da a conocer la caracterizaci\u00f3n general e hidrol\u00f3gica de la Cuenca Titicaca (Per\u00fa), que se integrar\u00e1 al Expediente T\u00e9cnico para la Creaci\u00f3n y Conformaci\u00f3n del Consejo de Recursos H\u00eddricos de Cuenca Titicaca que tiene a su cargo elaborar el Grupo Impulsor.<\/p>\n<div class='w3eden'><!-- WPDM Link Template: Default Template -->\n\n<div class=\"link-template-default card mb-2\">\n    <div class=\"card-body\">\n        <div class=\"media\">\n            <div class=\"mr-3 img-48\"><img class=\"wpdm_icon\" alt=\"Icono\"   src=\"http:\/\/alt-perubolivia.org\/wp-content\/plugins\/download-manager\/assets\/file-type-icons\/pdf.png\" \/><\/div>\n            <div class=\"media-body\">\n                <h3 class=\"package-title\"><a href='https:\/\/alt-perubolivia.org\/?wpdmpro=caracterizacion-general-e-hidrologica-de-aporte-al-lago-titicaca-peru'>CARACTERIZACI\u00d3N GENERAL E HIDROL\u00d3GICA DE APORTE AL LAGO TITICACA (PER\u00da)<\/a><\/h3>\n                <div class=\"text-muted text-small\"><i class=\"fas fa-copy\"><\/i> 1 archivo(s) <i class=\"fas fa-hdd ml-3\"><\/i> 0.00 KB<\/div>\n            <\/div>\n            <div class=\"ml-3\">\n                <a class='wpdm-download-link download-on-click btn btn-primary ' rel='nofollow' href='#' data-downloadurl=\"https:\/\/alt-perubolivia.org\/?wpdmpro=caracterizacion-general-e-hidrologica-de-aporte-al-lago-titicaca-peru&wpdmdl=2015&refresh=69d988bc0b4d01775863996\">Descargar<\/a>\n            <\/div>\n        <\/div>\n    <\/div>\n<\/div>\n\n<\/div>\n","protected":false},"excerpt":{"rendered":"<p>El Gobierno Regional de Puno ha promovido la conformaci\u00f3n del Grupo T\u00e9cnico Impulsor para la Creaci\u00f3n del Consejo de Recursos H\u00eddricos de la Cuenca del Titicaca (Grupo Impulsor), reconocido mediante [&hellip;]<\/p>\n","protected":false},"author":2,"featured_media":0,"parent":0,"menu_order":0,"comment_status":"closed","ping_status":"closed","template":"","meta":[],"_links":{"self":[{"href":"https:\/\/alt-perubolivia.org\/index.php?rest_route=\/wp\/v2\/pages\/2013"}],"collection":[{"href":"https:\/\/alt-perubolivia.org\/index.php?rest_route=\/wp\/v2\/pages"}],"about":[{"href":"https:\/\/alt-perubolivia.org\/index.php?rest_route=\/wp\/v2\/types\/page"}],"author":[{"embeddable":true,"href":"https:\/\/alt-perubolivia.org\/index.php?rest_route=\/wp\/v2\/users\/2"}],"replies":[{"embeddable":true,"href":"https:\/\/alt-perubolivia.org\/index.php?rest_route=%2Fwp%2Fv2%2Fcomments&post=2013"}],"version-history":[{"count":2,"href":"https:\/\/alt-perubolivia.org\/index.php?rest_route=\/wp\/v2\/pages\/2013\/revisions"}],"predecessor-version":[{"id":2019,"href":"https:\/\/alt-perubolivia.org\/index.php?rest_route=\/wp\/v2\/pages\/2013\/revisions\/2019"}],"wp:attachment":[{"href":"https:\/\/alt-perubolivia.org\/index.php?rest_route=%2Fwp%2Fv2%2Fmedia&parent=2013"}],"curies":[{"name":"wp","href":"https:\/\/api.w.org\/{rel}","templated":true}]}}